{"id":174,"date":"2020-10-25T11:48:29","date_gmt":"2020-10-25T11:48:29","guid":{"rendered":"https:\/\/www.magdalenakrych.com\/?page_id=174"},"modified":"2025-04-18T12:53:01","modified_gmt":"2025-04-18T12:53:01","slug":"pracuj-ze-mna","status":"publish","type":"page","link":"https:\/\/www.magdalenakrych.com\/index.php\/pracuj-ze-mna\/","title":{"rendered":"Sesje 1:1 \/ Sessions 1:1"},"content":{"rendered":"\n<h3 class=\"wp-block-heading\">Pracuj ze mn\u0105 1:1<\/h3>\n\n\n\n<p>(English below)<\/p>\n\n\n\n<h3 class=\"wp-block-heading\">Hej! Przeczytaj zanim si\u0119 skontaktujesz.<\/h3>\n\n\n\n<ul class=\"wp-block-list\">\n<li>Konsultacja trwa do 1 godziny.<\/li>\n\n\n\n<li>Koszt to 200 z\u0142 dla klient\u00f3w polskoj\u0119zycznych. \u00a0<\/li>\n\n\n\n<li>Pracuj\u0119 wy\u0142\u0105cznie z osobami pe\u0142noletnimi.<\/li>\n\n\n\n<li>Wszystkie p\u0142atno\u015bci realizowane s\u0105 przez przelew bankowy na podany przeze mnie numer konta, kt\u00f3ry przy\u015bl\u0119 Ci po naszej pierwsze sesji<\/li>\n\n\n\n<li>Konsultacje odbywaj\u0105 si\u0119 zdalnie poprzez aplikacje Zoom lub osobi\u015bcie po uprzednim um\u00f3wieniu w gabinecie<\/li>\n\n\n\n<li>Po um\u00f3wieniu terminu us\u0142ugi online otrzymasz ode mnie e-mail, w kt\u00f3rym b\u0119d\u0105 wszystkie potrzebne informacje odno\u015bnie naszej konsultacji online.<\/li>\n<\/ul>\n\n\n\n<h3 class=\"wp-block-heading\">Mo\u017cesz um\u00f3wi\u0107 si\u0119 na 3 sposoby.<\/h3>\n\n\n\n<ul class=\"wp-block-list\">\n<li>Zadzwo\u0144 lub napisz sms +48 881 555 187<\/li>\n\n\n\n<li>Skorzystaj z What&#8217;s app na ten sam numer telefonu +48 881 555 187<\/li>\n\n\n\n<li>Napisz e-maila wsparcie@magdalenakrych.com<\/li>\n<\/ul>\n\n\n\n<h3 class=\"wp-block-heading\">Wa\u017cne<\/h3>\n\n\n\n<p>Aby zminimalizowa\u0107 prawdopodobie\u0144stwo problem\u00f3w technicznych i jak najlepiej wykorzysta\u0107 czas w trakcie konsultacji, prosz\u0119 upewnij si\u0119 przed spotkaniem \u017ce:<\/p>\n\n\n\n<ul class=\"wp-block-list\">\n<li>Masz na\u0142adowany komputer<\/li>\n\n\n\n<li>Twoje urz\u0105dzenie jest pod\u0142\u0105czone do Internetu z wystarczaj\u0105c\u0105 szybko\u015bci\u0105 \u0142\u0105cza<\/li>\n\n\n\n<li>Masz zainstalowan\u0105 aplikacj\u0119 Zoom<\/li>\n<\/ul>\n\n\n\n<p>Wahaj si\u0119 ile chcesz, a potem po prostu zadzwo\u0144.<\/p>\n\n\n\n<p>Dbaj o siebie<\/p>\n\n\n\n<p>Magda<\/p>\n\n\n\n<h3 class=\"wp-block-heading\">Work with me 1:1<\/h3>\n\n\n\n<h3 class=\"wp-block-heading\">Hi! Read before sending an inquiry.<\/h3>\n\n\n\n<p><\/p>\n\n\n\n<ul class=\"wp-block-list\">\n<li>The consultation lasts up to 1 hour.<\/li>\n\n\n\n<li>For English-speaking clients, the cost is 100 \u20ac.<\/li>\n\n\n\n<li>I work with adults.<\/li>\n\n\n\n<li>All payments are made by bank transfer to the account number I provide after the first session.<\/li>\n\n\n\n<li>Consultations are held remotely via the Zoom application or in person by appointment at the office.<\/li>\n\n\n\n<li>After arranging the online session, I will email you all the necessary information about our session.<\/li>\n<\/ul>\n\n\n\n<h3 class=\"wp-block-heading\"><br>You can make an appointment in 3 ways.<\/h3>\n\n\n\n<ul class=\"wp-block-list\">\n<li>Mobile phone \/ What&#8217;s app +48 881 555 187<\/li>\n\n\n\n<li>E-mail to wsparcie@magdalenakrych.com<\/li>\n<\/ul>\n\n\n\n<h3 class=\"wp-block-heading\">Reminder<\/h3>\n\n\n\n<p>To minimize the likelihood of technical problems and make the most of your time during consultation, please make sure before your meeting that:<\/p>\n\n\n\n<ul class=\"wp-block-list\">\n<li>You have a charged device<\/li>\n\n\n\n<li>Your device is connected to the Internet with a sufficient connection speed<\/li>\n\n\n\n<li>You have the Zoom app installed<\/li>\n<\/ul>\n\n\n\n<p><br>Hesitate as much as you want and then just call.<\/p>\n\n\n\n<p>Look after yourself<\/p>\n\n\n\n<p>Magda<\/p>\n\n\n\n<p><\/p>\n\n\n","protected":false},"excerpt":{"rendered":"<p>Pracuj ze mn\u0105 1:1 (English below) Hej! Przeczytaj zanim si\u0119 skontaktujesz. Mo\u017cesz um\u00f3wi\u0107 si\u0119 na 3 sposoby. Wa\u017cne Aby zminimalizowa\u0107 prawdopodobie\u0144stwo problem\u00f3w technicznych i jak najlepiej wykorzysta\u0107 czas w trakcie konsultacji, prosz\u0119 upewnij si\u0119 przed spotkaniem \u017ce: Wahaj si\u0119 ile chcesz, a potem po prostu zadzwo\u0144. Dbaj o siebie Magda Work with me 1:1 Hi! [&hellip;]<\/p>\n","protected":false},"author":1,"featured_media":2252,"parent":0,"menu_order":0,"comment_status":"closed","ping_status":"closed","template":"","meta":{"footnotes":"[]"},"class_list":["post-174","page","type-page","status-publish","has-post-thumbnail","hentry"],"_links":{"self":[{"href":"https:\/\/www.magdalenakrych.com\/index.php\/wp-json\/wp\/v2\/pages\/174","targetHints":{"allow":["GET"]}}],"collection":[{"href":"https:\/\/www.magdalenakrych.com\/index.php\/wp-json\/wp\/v2\/pages"}],"about":[{"href":"https:\/\/www.magdalenakrych.com\/index.php\/wp-json\/wp\/v2\/types\/page"}],"author":[{"embeddable":true,"href":"https:\/\/www.magdalenakrych.com\/index.php\/wp-json\/wp\/v2\/users\/1"}],"replies":[{"embeddable":true,"href":"https:\/\/www.magdalenakrych.com\/index.php\/wp-json\/wp\/v2\/comments?post=174"}],"version-history":[{"count":51,"href":"https:\/\/www.magdalenakrych.com\/index.php\/wp-json\/wp\/v2\/pages\/174\/revisions"}],"predecessor-version":[{"id":2660,"href":"https:\/\/www.magdalenakrych.com\/index.php\/wp-json\/wp\/v2\/pages\/174\/revisions\/2660"}],"wp:featuredmedia":[{"embeddable":true,"href":"https:\/\/www.magdalenakrych.com\/index.php\/wp-json\/wp\/v2\/media\/2252"}],"wp:attachment":[{"href":"https:\/\/www.magdalenakrych.com\/index.php\/wp-json\/wp\/v2\/media?parent=174"}],"curies":[{"name":"wp","href":"https:\/\/api.w.org\/{rel}","templated":true}]}}